he highest common factor of 6 and 40.
2
Calculate the highest common factor of 2 and 1174.
2
Calculate the greatest common factor of 22 and 9834.
22
What is the greatest common factor of 560 and 3136?
112
What is the highest common factor of 37 and 14689?
37
What is the highest common factor of 230 and 30?
10
What is the highest common divisor of 2461 and 23?
23
Calculate the highest common divisor of 1017 and 12.
3
Calculate the greatest common factor of 15 and 435.
15
Calculate the highest common factor of 59 and 1534.
59
What is the greatest common divisor of 455 and 315?
35
What is the highest common factor of 32 and 352?
32
Calculate the greatest common factor of 10 and 54.
2
What is the highest common divisor of 4 and 324?
4
What is the highest common divisor of 11560 and 280?
40
What is the highest common factor of 921 and 12587?
307
Calculate the greatest common divisor of 16 and 400.
16
Calculate the greatest common divisor of 7 and 3.
1
Calculate the greatest common factor of 10688 and 64.
64
What is the highest common divisor of 261 and 9?
9
Calculate the highest common factor of 6593 and 209.
19
What is the greatest common factor of 309 and 412?
103
What is the highest common divisor of 125 and 10?
5
What is the highest common factor of 102 and 36?
6
Calculate the highest common factor of 279 and 9.
9
What is the highest common divisor of 98 and 441?
49
Calculate the greatest common factor of 5 and 905.
5
What is the greatest common divisor of 106 and 2?
2
Calculate the highest common factor of 890 and 2314.
178
What is the highest common factor of 7030 and 148?
74
Calculate the highest common factor of 10278 and 18.
18
Calculate the greatest common divisor of 156 and 195.
39
What is the highest common factor of 76 and 88?
4
Calculate the highest common divisor of 30 and 2630.
10
What is the highest common factor of 1536 and 228?
12
Calculate the greatest common divisor of 51 and 867.
51
What is the highest common factor of 238 and 34?
34
What is the highest common factor of 484 and 6050?
242
Calculate the highest common factor of 289 and 68.
17
Calculate the highest common factor of 4130 and 70.
70
Calculate the highest common factor of 182 and 42.
14
Calculate the highest common divisor of 65 and 104.
13
Calculate the greatest common factor of 69 and 15.
3
What is the highest common factor of 440 and 704?
88
What is the greatest common factor of 168 and 25788?
84
Calculate the greatest common factor of 1269 and 27.
27
Calculate the highest common divisor of 1372 and 252.
28
What is the highest common factor of 8 and 248?
8
Calculate the greatest common factor of 3277 and 58.
29
Calculate the greatest common divisor of 736 and 3496.
184
Calculate the greatest common divisor of 56 and 140.
28
Calculate the greatest common divisor of 12 and 12.
12
What is the highest common factor of 28 and 896?
28
Calculate the highest common divisor of 448 and 784.
112
Calculate the greatest common divisor of 720 and 210.
30
Calculate the highest common divisor of 2795 and 430.
215
What is the highest common factor of 110 and 253?
11
Calculate the greatest common factor of 27 and 2619.
27
Calculate the greatest common divisor of 689 and 91.
13
Calculate the highest common factor of 60 and 170.
10
What is the highest common factor of 24 and 29748?
12
Calculate the highest common factor of 10 and 65.
5
Calculate the highest common divisor of 777 and 6549.
111
Calculate the greatest common factor of 9 and 603.
9
Calculate the greatest common divisor of 185 and 40.
5
Calculate the greatest common factor of 56 and 1064.
56
Calculate the greatest common factor of 646 and 38.
38
Calculate the greatest common divisor of 663 and 34.
17
What is the greatest common factor of 39 and 15483?
39
What is the greatest common factor of 297 and 54?
27
What is the highest common factor of 54 and 198?
18
What is the greatest common factor of 172 and 16?
4
What is the highest common factor of 742 and 1325?
53
What is the highest common divisor of 177 and 81?
3
Calculate the greatest common factor of 1872 and 324.
36
Calculate the greatest common divisor of 19 and 12977.
19
Calculate the highest common divisor of 396 and 132.
132
Calculate the highest common divisor of 738 and 328.
82
Calculate the highest common factor of 134 and 3350.
134
Calculate the greatest common factor of 247 and 19.
19
What is the greatest common divisor of 858 and 11726?
286
Calculate the greatest common divisor of 1479 and 174.
87
Calculate the greatest common factor of 62 and 3782.
62
Calculate the highest common factor of 88 and 33.
11
What is the greatest common divisor of 552 and 69?
69
What is the highest common factor of 33 and 23925?
33
Calculate the greatest common divisor of 208 and 16.
16
What is the greatest common divisor of 26 and 4?
2
Calculate the greatest common divisor of 4 and 50.
2
Calculate the greatest common factor of 246 and 2050.
82
Calculate the highest common divisor of 280 and 80.
40
Calculate the highest common divisor of 3471 and 1068.
267
What is the highest common divisor of 104 and 156?
52
Calculate the highest common divisor of 9 and 657.
9
Calculate the greatest common divisor of 684 and 20007.
171
Calculate the highest common divisor of 24 and 600.
24
What is the greatest common factor of 6426 and 144?
18
What is the highest common factor of 55 and 125?
5
What is the highest common divisor of 505 and 707?
101
What is the greatest common divisor of 136 and 11900?
68
Calculate the greatest common factor of 7 and 196.
7
Calculate the greatest common factor of 72 and 6432.
24
What is the greatest common factor of 5796 and 115?
23
What is the highest common divisor of 7065 and 90?
45
Calculate the greatest common divisor of 329 and 56.
7
What is the highest common divisor of 279 and 4154?
31
What is the greatest common factor of 5371 and 123?
41
What is the greatest common factor of 125 and 85?
5
Calculate the greatest common divisor of 697 and 41.
41
Calculate the highest common factor of 600 and 20.
20
What is the greatest common divisor of 528 and 1020?
12
What is the greatest common divisor of 224 and 826?
14
Calculate the highest common divisor of 57 and 3002.
19
Calculate the highest common factor of 1104 and 23.
23
Calculate the greatest common factor of 360 and 135.
45
What is the highest common divisor of 7 and 217?
7
What is the highest common divisor of 15 and 27?
3
What is the greatest common divisor of 17017 and 442?
221
Calculate the greatest common factor of 50 and 1175.
25
What is the highest common divisor of 7777 and 110?
11
Calculate the greatest common divisor of 2291 and 29.
29
What is the greatest common divisor of 1271 and 82?
41
Calculate the highest common divisor of 855 and 315.
45
What is the highest common factor of 10 and 310?
10
Calculate the highest common factor of 1206 and 54.
18
Calculate the greatest common factor of 645 and 30.
15
Calculate the greatest common factor of 7820 and 68.
68
Calculate the greatest common factor of 16 and 24.
8
What is the highest common divisor of 684 and 180?
36
What is the greatest common divisor of 16558 and 68?
34
Calculate the greatest common factor of 51 and 53601.
51
Calculate the highest common divisor of 119 and 102.
17
What is the highest common factor of 1127 and 7?
7
Calculate the highest common factor of 204 and 2397.
51
What is the greatest common factor of 4642 and 44?
22
What is the greatest common divisor of 488 and 12078?
122
What is the highest common divisor of 867 and 3?
3
What is the greatest common divisor of 11 and 16973?
11
What is the greatest common divisor of 1224 and 720?
72
What is the greatest common divisor of 1472 and 414?
46
What is the highest common factor of 66 and 462?
66
What is the greatest common factor of 31169 and 71?
71
Calculate the highest common factor of 264 and 429.
33
What is the highest common factor of 95 and 20?
5
What is the greatest common factor of 17 and 119?
17
What is the highest common divisor of 477 and 18?
9
What is the highest common divisor of 40 and 90?
10
Calculate the highest common factor of 4 and 18.
2
What is the highest common factor of 21 and 3?
3
What is the greatest common divisor of 12 and 5094?
6
What is the highest comm